05?
0
What is the hundred millions digit of 588807109?
5
What is the ten millions digit of 1517109217?
1
What is the ten thousands digit of 77907561?
0
What is the thousands digit of 32985903?
5
What is the tens digit of 79853402?
0
What is the ten millions digit of 80797717?
8
What is the millions digit of 771154116?
1
What is the thousands digit of 482734801?
4
What is the units digit of 616071673?
3
What is the hundred millions digit of 1418241308?
4
What is the tens digit of 50036933?
3
What is the hundred millions digit of 1474632606?
4
What is the hundreds digit of 4981803?
8
What is the hundreds digit of 41207794?
7
What is the units digit of 1440987473?
3
What is the hundred thousands digit of 234863877?
8
What is the hundred millions digit of 5557300360?
5
What is the hundred thousands digit of 44682862?
6
What is the units digit of 666646714?
4
What is the hundred thousands digit of 2913698136?
6
What is the millions digit of 272710482?
2
What is the ten thousands digit of 201789972?
8
What is the tens digit of 37609942?
4
What is the millions digit of 261715580?
1
What is the hundred thousands digit of 927111274?
1
What is the tens digit of 1186578947?
4
What is the ten thousands digit of 2656320585?
2
What is the thousands digit of 2570363675?
3
What is the thousands digit of 1837318922?
8
What is the hundreds digit of 633937855?
8
What is the hundreds digit of 2175719139?
1
What is the thousands digit of 61327229?
7
What is the hundred millions digit of 130290257?
1
What is the tens digit of 1118398253?
5
What is the hundreds digit of 7843503?
5
What is the hundred thousands digit of 51592392?
5
What is the tens digit of 159964614?
1
What is the hundred thousands digit of 5552219019?
2
What is the hundreds digit of 327125644?
6
What is the thousands digit of 310914277?
4
What is the hundred thousands digit of 1447345832?
3
What is the ten thousands digit of 322603364?
0
What is the millions digit of 973884162?
3
What is the hundreds digit of 51951617?
6
What is the ten millions digit of 151150373?
5
What is the hundreds digit of 343211847?
8
What is the millions digit of 112667365?
2
What is the billions digit of 3689318051?
3
What is the hundred millions digit of 4022189498?
0
What is the tens digit of 106834577?
7
What is the hundred millions digit of 1752925616?
7
What is the ten thousands digit of 3730683709?
8
What is the ten millions digit of 2656262040?
5
What is the billions digit of 2945772385?
2
What is the hundreds digit of 1224114309?
3
What is the millions digit of 70113315?
0
What is the thousands digit of 873857292?
7
What is the tens digit of 1318611947?
4
What is the hundreds digit of 51539650?
6
What is the hundreds digit of 1930589991?
9
What is the millions digit of 81712131?
1
What is the units digit of 2087303996?
6
What is the hundred thousands digit of 36525319?
5
What is the thousands digit of 60690889?
0
What is the ten thousands digit of 1145986278?
8
What is the tens digit of 88304693?
9
What is the ten thousands digit of 40951609?
5
What is the millions digit of 196694693?
6
What is the units digit of 191261954?
4
What is the tens digit of 816018002?
0
What is the hundreds digit of 889856878?
8
What is the tens digit of 43769786?
8
What is the hundred thousands digit of 23816401?
8
What is the hundreds digit of 1164332075?
0
What is the units digit of 28274005?
5
What is the units digit of 1250983919?
9
What is the ten thousands digit of 846917058?
1
What is the hundred thousands digit of 23994572?
9
What is the hundred thousands digit of 1009971674?
9
What is the millions digit of 1686399033?
6
What is the millions digit of 30001754?
0
What is the units digit of 106728725?
5
What is the hundred millions digit of 172093071?
1
What is the units digit of 431503050?
0
What is the units digit of 63281540?
0
What is the hundred thousands digit of 33905003?
9
What is the hundred millions digit of 630853821?
6
What is the units digit of 382169681?
1
What is the millions digit of 9580213?
9
What is the ten thousands digit of 848397389?
9
What is the hundreds digit of 250888020?
0
What is the hundred millions digit of 929178258?
9
What is the tens digit of 220761867?
6
What is the millions digit of 101157692?
1
What is the tens digit of 360864861?
6
What is the hundreds digit of 143062995?
9
What is the thousands digit of 47674892?
4
What is the ten millions digit of 68611352?
6
What is the millions digit of 143287084?
3
What is the ten thousands digit of 697041804?
4
What is the hundreds digit of 1900324412?
4
What is the hundreds digit of 497824552?
5
What is the millions digit of 2596748603?
6
What is the hundred thousands digit of 706668379?
6
What is the billions digit of 7831072269?
7
What is the hundred thousands digit of 808759119?
7
What is the thousands digit of 34947182?
7
What is the tens digit of 8681018139?
3
What is the hundred millions digit of 8699614947?
6
What is the hundred thousands digit of 80574115?
5
What is the ten millions digit of 2244515872?
4
What is the thousands digit of 522500995?
0
What is the millions digit of 7198493194?
8
What is the millions digit of 221920887?
1
What is the billions digit of 6986129147?
6
What is the ten thousands digit of 294287231?
8
What is the millions digit of 2715401671?
5
What is the millions digit of 71381339?
1
What is the hundreds digit of 345582860?
8
What is the hundred millions digit of 298002018?
2
What is the millions digit of 747263587?
7
What is the units digit of 4190875355?
5
What is the millions digit of 257285805?
7
What is the hundreds digit of 17585878?
8
What is the ten thousands digit of 2393052714?
5
What is the hundred millions digit of 367966142?
3
What is the ten thousands digit of 167844546?
4
What is the units digit of 52536382?
2
What is the hundreds digit of 1163574154?
1
What is the hundred thousands digit of 16053676?
0
What is the hundred thousands digit of 2658111273?
1
What is the hundreds digit of 707283328?
3
What is the units digit of 1128417845?
5
What is the ten millions digit of 21877923?
2
What is the ten thousands digit of 1346111910?
1
What is the tens digit of 854184669?
6
What is the thousands digit of 1366467848?
7
What is the thousands digit of 138536807?
6
What is the thousands digit of 970281037?
1
What is the hundreds digit of 271476323?
3
What is the ten thousands digit of 730418113?
1
What is the ten millions digit of 257948155?
5
What is the hundreds digit of 20419522?
5
What is the millions digit of 7363132?
7
What is the hundred millions digit of 237203291?
2
What is the hundred thousands digit of 64115202?
1
What is the ten millions digit of 262788386?
6
What is the units digit of 3560318546?
6
What is the hundred thousands digit of 99905956?
9
What is the billions digit of 2063054273?
2
What is the units digit of 40525503?
3
What is the ten millions digit of 3318076465?
1
What is the units digit of 1688432542?
2
What is the units digit of 5337705983?
3
What is the ten thousands digit of 266316726?
1
What is the hundred millions digit of 135648876?
1
What is the millions digit of 135020430?
5
What is the tens digit of 1224982772?
7
What is the hundred millions digit of 112395646?
1
What is the hundred thousands digit of 919898155?
8
What is the millions digit of 878524395?
8
What is the tens digit of 33763446?
4
What is the thousands digit of 922142762?
2
What is the thousands digit of 1309624017?
4
What is the hundred millions digit of 331570635?
3
What is the thousands digit of 227920445?
0
What is the tens digit of 1734646997?
9
What is the thousands digit of 15556086?
6
What is the units digit of 54618124?
4
What is the ten thousands digit of 46782204?
8
What is the tens digit of 384969951?
5
What is the ten millions digit of 503377705?
0
What is the hundreds digit of 54361326?
3
What is the millions digit of 515028178?
5
What is the hundred thousands digit of 521731842?
7
What is the tens digit of 55133230?
3
What is the hundred thousands digit of 162214507?
2
What is the hundreds digit of 1174412586?
5
What is the hundred thousands digit of 362202079?
2
What is the millions digit of 42151458?
2
What is the millions digit of 35955631?
5
What is the hundreds digit of 4113749063?
0
What is 